{"id":72,"date":"2023-06-16T11:50:59","date_gmt":"2023-06-16T09:50:59","guid":{"rendered":"https:\/\/epsigame-test.shop\/?post_type=product&#038;p=72"},"modified":"2023-06-16T11:51:00","modified_gmt":"2023-06-16T09:51:00","slug":"mario-kart-8-deluxe","status":"publish","type":"product","link":"https:\/\/epsigame-test.shop\/index.php\/produit\/mario-kart-8-deluxe\/","title":{"rendered":"Mario Kart 8 Deluxe"},"content":{"rendered":"<p>&#8220;Mario Kart 8&#8221; est un jeu de course palpitant mettant en vedette les personnages embl\u00e9matiques de l&#8217;univers de Mario. D\u00e9velopp\u00e9 par Nintendo, ce jeu offre une exp\u00e9rience de course divertissante et comp\u00e9titive pour les joueurs de tous \u00e2ges.<\/p>\n<p>Dans &#8220;Mario Kart 8&#8221;, les joueurs peuvent incarner leurs personnages pr\u00e9f\u00e9r\u00e9s de l&#8217;univers de Mario, tels que Mario, Luigi, Peach, Bowser et bien d&#8217;autres. Ils peuvent participer \u00e0 des courses fr\u00e9n\u00e9tiques \u00e0 travers des circuits color\u00e9s et th\u00e9matiques, inspir\u00e9s des mondes de Mario. De plus, le jeu propose des v\u00e9hicules personnalisables, des options de personnalisation et une vari\u00e9t\u00e9 d&#8217;objets sp\u00e9ciaux pour pimenter les courses.<\/p>\n","protected":false},"excerpt":{"rendered":"<p>Mario Kart 8 Deluxe<\/p>\n","protected":false},"featured_media":73,"comment_status":"open","ping_status":"closed","template":"","meta":[],"product_cat":[39,16],"product_tag":[],"yoast_head":"<!-- This site is optimized with the Yoast SEO plugin v20.9 - https:\/\/yoast.com\/wordpress\/plugins\/seo\/ -->\n<title>Mario Kart 8 Deluxe - Epsigame Shop Test<\/title>\n<meta name=\"robots\" content=\"index, follow, max-snippet:-1, max-image-preview:large, max-video-preview:-1\" \/>\n<link rel=\"canonical\" href=\"https:\/\/epsigame-test.shop\/index.php\/produit\/mario-kart-8-deluxe\/\" \/>\n<meta property=\"og:locale\" content=\"en_US\" \/>\n<meta property=\"og:type\" content=\"article\" \/>\n<meta property=\"og:title\" content=\"Mario Kart 8 Deluxe - Epsigame Shop Test\" \/>\n<meta property=\"og:description\" content=\"Mario Kart 8 Deluxe\" \/>\n<meta property=\"og:url\" content=\"https:\/\/epsigame-test.shop\/index.php\/produit\/mario-kart-8-deluxe\/\" \/>\n<meta property=\"og:site_name\" content=\"Epsigame Shop Test\" \/>\n<meta property=\"article:modified_time\" content=\"2023-06-16T09:51:00+00:00\" \/>\n<meta property=\"og:image\" content=\"http:\/\/epsigame-test.shop\/wp-content\/uploads\/2023\/06\/mario-kart-switch.jpg\" \/>\n\t<meta property=\"og:image:width\" content=\"926\" \/>\n\t<meta property=\"og:image:height\" content=\"1500\" \/>\n\t<meta property=\"og:image:type\" content=\"image\/jpeg\" \/>\n<meta name=\"twitter:card\" content=\"summary_large_image\" \/>\n<meta name=\"twitter:label1\" content=\"Est. reading time\" \/>\n\t<meta name=\"twitter:data1\" content=\"1 minute\" \/>\n<script type=\"application\/ld+json\" class=\"yoast-schema-graph\">{\"@context\":\"https:\/\/schema.org\",\"@graph\":[{\"@type\":\"WebPage\",\"@id\":\"https:\/\/epsigame-test.shop\/index.php\/produit\/mario-kart-8-deluxe\/\",\"url\":\"https:\/\/epsigame-test.shop\/index.php\/produit\/mario-kart-8-deluxe\/\",\"name\":\"Mario Kart 8 Deluxe - Epsigame Shop Test\",\"isPartOf\":{\"@id\":\"https:\/\/epsigame-test.shop\/#website\"},\"datePublished\":\"2023-06-16T09:50:59+00:00\",\"dateModified\":\"2023-06-16T09:51:00+00:00\",\"breadcrumb\":{\"@id\":\"https:\/\/epsigame-test.shop\/index.php\/produit\/mario-kart-8-deluxe\/#breadcrumb\"},\"inLanguage\":\"en-US\",\"potentialAction\":[{\"@type\":\"ReadAction\",\"target\":[\"https:\/\/epsigame-test.shop\/index.php\/produit\/mario-kart-8-deluxe\/\"]}]},{\"@type\":\"BreadcrumbList\",\"@id\":\"https:\/\/epsigame-test.shop\/index.php\/produit\/mario-kart-8-deluxe\/#breadcrumb\",\"itemListElement\":[{\"@type\":\"ListItem\",\"position\":1,\"name\":\"Accueil\",\"item\":\"https:\/\/epsigame-test.shop\/\"},{\"@type\":\"ListItem\",\"position\":2,\"name\":\"Boutique\",\"item\":\"https:\/\/epsigame-test.shop\/index.php\/boutique\/\"},{\"@type\":\"ListItem\",\"position\":3,\"name\":\"Mario Kart 8 Deluxe\"}]},{\"@type\":\"WebSite\",\"@id\":\"https:\/\/epsigame-test.shop\/#website\",\"url\":\"https:\/\/epsigame-test.shop\/\",\"name\":\"Epsigame Shop Test\",\"description\":\"\",\"potentialAction\":[{\"@type\":\"SearchAction\",\"target\":{\"@type\":\"EntryPoint\",\"urlTemplate\":\"https:\/\/epsigame-test.shop\/?s={search_term_string}\"},\"query-input\":\"required name=search_term_string\"}],\"inLanguage\":\"en-US\"}]}<\/script>\n<!-- \/ Yoast SEO plugin. -->","yoast_head_json":{"title":"Mario Kart 8 Deluxe - Epsigame Shop Test","robots":{"index":"index","follow":"follow","max-snippet":"max-snippet:-1","max-image-preview":"max-image-preview:large","max-video-preview":"max-video-preview:-1"},"canonical":"https:\/\/epsigame-test.shop\/index.php\/produit\/mario-kart-8-deluxe\/","og_locale":"en_US","og_type":"article","og_title":"Mario Kart 8 Deluxe - Epsigame Shop Test","og_description":"Mario Kart 8 Deluxe","og_url":"https:\/\/epsigame-test.shop\/index.php\/produit\/mario-kart-8-deluxe\/","og_site_name":"Epsigame Shop Test","article_modified_time":"2023-06-16T09:51:00+00:00","og_image":[{"width":926,"height":1500,"url":"http:\/\/epsigame-test.shop\/wp-content\/uploads\/2023\/06\/mario-kart-switch.jpg","type":"image\/jpeg"}],"twitter_card":"summary_large_image","twitter_misc":{"Est. reading time":"1 minute"},"schema":{"@context":"https:\/\/schema.org","@graph":[{"@type":"WebPage","@id":"https:\/\/epsigame-test.shop\/index.php\/produit\/mario-kart-8-deluxe\/","url":"https:\/\/epsigame-test.shop\/index.php\/produit\/mario-kart-8-deluxe\/","name":"Mario Kart 8 Deluxe - Epsigame Shop Test","isPartOf":{"@id":"https:\/\/epsigame-test.shop\/#website"},"datePublished":"2023-06-16T09:50:59+00:00","dateModified":"2023-06-16T09:51:00+00:00","breadcrumb":{"@id":"https:\/\/epsigame-test.shop\/index.php\/produit\/mario-kart-8-deluxe\/#breadcrumb"},"inLanguage":"en-US","potentialAction":[{"@type":"ReadAction","target":["https:\/\/epsigame-test.shop\/index.php\/produit\/mario-kart-8-deluxe\/"]}]},{"@type":"BreadcrumbList","@id":"https:\/\/epsigame-test.shop\/index.php\/produit\/mario-kart-8-deluxe\/#breadcrumb","itemListElement":[{"@type":"ListItem","position":1,"name":"Accueil","item":"https:\/\/epsigame-test.shop\/"},{"@type":"ListItem","position":2,"name":"Boutique","item":"https:\/\/epsigame-test.shop\/index.php\/boutique\/"},{"@type":"ListItem","position":3,"name":"Mario Kart 8 Deluxe"}]},{"@type":"WebSite","@id":"https:\/\/epsigame-test.shop\/#website","url":"https:\/\/epsigame-test.shop\/","name":"Epsigame Shop Test","description":"","potentialAction":[{"@type":"SearchAction","target":{"@type":"EntryPoint","urlTemplate":"https:\/\/epsigame-test.shop\/?s={search_term_string}"},"query-input":"required name=search_term_string"}],"inLanguage":"en-US"}]}},"_links":{"self":[{"href":"https:\/\/epsigame-test.shop\/index.php\/wp-json\/wp\/v2\/product\/72"}],"collection":[{"href":"https:\/\/epsigame-test.shop\/index.php\/wp-json\/wp\/v2\/product"}],"about":[{"href":"https:\/\/epsigame-test.shop\/index.php\/wp-json\/wp\/v2\/types\/product"}],"replies":[{"embeddable":true,"href":"https:\/\/epsigame-test.shop\/index.php\/wp-json\/wp\/v2\/comments?post=72"}],"wp:featuredmedia":[{"embeddable":true,"href":"https:\/\/epsigame-test.shop\/index.php\/wp-json\/wp\/v2\/media\/73"}],"wp:attachment":[{"href":"https:\/\/epsigame-test.shop\/index.php\/wp-json\/wp\/v2\/media?parent=72"}],"wp:term":[{"taxonomy":"product_cat","embeddable":true,"href":"https:\/\/epsigame-test.shop\/index.php\/wp-json\/wp\/v2\/product_cat?post=72"},{"taxonomy":"product_tag","embeddable":true,"href":"https:\/\/epsigame-test.shop\/index.php\/wp-json\/wp\/v2\/product_tag?post=72"}],"curies":[{"name":"wp","href":"https:\/\/api.w.org\/{rel}","templated":true}]}}